10b (base 16) to base 8.
-413
What is -24049 (base 10) in base 11?
-17083
-897 (base 13) to base 4
-113010
-120 (base 4) to base 5
-44
Convert 110321 (base 4) to base 9.
1745
What is -799 (base 14) in base 12?
-a57
3117 (base 8) to base 10
1615
Convert -6353 (base 9) to base 6.
-33333
What is cb68 (base 13) in base 15?
85c4
Convert 1117 (base 10) to base 4.
101131
-967 (base 11) to base 6
-5214
What is 143361 (base 7) in base 10?
27630
Convert -11100111 (base 2) to base 7.
-450
-2111322 (base 4) to base 6
-112230
1111 (base 5) to base 4
2130
Convert 1301202 (base 4) to base 5.
213031
What is 5e0 (base 15) in base 6?
10103
Convert -de15 (base 15) to base 4.
-23133011
What is -210011022 (base 3) in base 8?
-36101
Convert 1a10 (base 13) to base 11.
2a26
What is 886 (base 13) in base 3?
2000011
Convert 23061 (base 7) to base 11.
4460
-140 (base 13) to base 6
-1005
16655 (base 7) to base 16
12b9
11001 (base 2) to base 10
25
What is 4230 (base 6) in base 3?
1022100
What is -111011110011 (base 2) in base 16?
-ef3
What is 2660 (base 8) in base 13?
880
Convert 26273 (base 8) to base 5.
331301
Convert 18690 (base 10) to base 4.
10210002
Convert 313203 (base 4) to base 2.
110111100011
Convert 200126 (base 7) to base 8.
101623
What is -12311202 (base 4) in base 16?
-6d62
Convert 103131 (base 4) to base 3.
1201010
What is -4424 (base 11) in base 2?
-1011011001010
Convert -7aa (base 15) to base 5.
-23420
Convert 1c1b (base 16) to base 6.
53151
Convert 1171 (base 8) to base 2.
1001111001
What is 20333 (base 6) in base 13?
1314
Convert -413 (base 7) to base 9.
-248
-67333 (base 8) to base 15
-861e
Convert 1043 (base 7) to base 13.
22a
-10544 (base 6) to base 3
-2001201
What is -111312 (base 4) in base 14?
-71c
77 (base 16) to base 11
a9
6714 (base 8) to base 6
24204
-63236 (base 9) to base 2
-1010001100010100
What is -2259 (base 10) in base 4?
-203103
-c7 (base 13) to base 10
-163
What is -1276 (base 10) in base 12?
-8a4
c51 (base 15) to base 9
3724
What is 2864 (base 11) in base 6?
25044
-19222 (base 10) to base 12
-b15a
Convert -210102 (base 3) to base 6.
-2402
What is -1a8 (base 16) in base 11?
-356
What is -21590 (base 10) in base 13?
-9a9a
Convert -2e9 (base 15) to base 2.
-1010011101
Convert -300131 (base 6) to base 13.
-a849
What is -4d3d (base 14) in base 8?
-32413
Convert -1110000010 (base 2) to base 3.
-1020021
Convert -670 (base 9) to base 2.
-1000100101
What is -a72 (base 16) in base 7?
-10540
-21127 (base 9) to base 12
-80b1
What is -1208 (base 9) in base 6?
-4055
-144 (base 7) to base 2
-1010001
-1226 (base 14) to base 13
-159b
Convert -3227 (base 8) to base 12.
-b87
-1220000 (base 3) to base 4
-111201
What is 3433 (base 5) in base 15?
22d
Convert 5129 (base 11) to base 7.
25563
Convert 1120022 (base 3) to base 9.
1508
220222010 (base 3) to base 13
8391
What is 524125 (base 6) in base 3?
2011010222
-134e (base 15) to base 6
-31032
Convert -1530 (base 9) to base 16.
-489
Convert 234301 (base 7) to base 6.
524001
What is -eca5 (base 15) in base 10?
-50105
Convert -8406 (base 14) to base 10.
-22742
-43231 (base 5) to base 13
-1453
Convert 281 (base 15) to base 5.
4241
What is 654 (base 11) in base 5?
11120
ac4 (base 15) to base 7
10045
Convert -220120100 (base 3) to base 14.
-6754
Convert 100 (base 6) to base 4.
210
What is -10330 (base 4) in base 10?
-316
What is -1010301 (base 4) in base 14?
-1865
What is 10022210221 (base 3) in base 16?
ffc1
-111110000101 (base 2) to base 7
-14404
20200 (base 3) to base 2
10110100
What is -5398 (base 13) in base 8?
-26541
What is -2595 (base 13) in base 8?
-12361
What is 2828 (base 11) in base 4?
321030
Convert -10dd1 (base 15) to base 8.
-150762
631 (base 8) to base 10
409
3251 (base 7) to base 11
968
Convert 1044 (base 7) to base 14.
1cb
Convert -2403 (base 6) to base 8.
-1103
What is -201130 (base 5) in base 10?
-6415
279 (base 14) to base 11
414
Convert -7260 (base 15) to base 8.
-57145
What is 213251 (base 6) in base 3?
220010211
What is 277 (base 12) in base 4?
11323
What is -4420 (base 7) in base 9?
-2147
101110000011 (base 2) to base 13
1459
What is 74a (base 14) in base 16?
59e
What is 115515 (base 6) in base 12?
5b9b
What is 302 (base 7) in base 10?
149
Convert 6ed8 (base 16) to base 6.
335212
-22459 (base 10) to base 7
-122323
What is 12c (base 16) in base 4?
10230
Convert -251501 (base 7) to base 6.
-553532
2076 (base 9) to base 12
a73
-330232 (base 4) to base 13
-19cc
29ed (base 15) to base 10
8998
-1178 (base 10) to base 6
-5242
Convert 10301033 (base 4) to base 7.
110645
What is d57 (base 15) in base 11?
2294
-bc (base 14) to base 10
-166
What is 1baa (base 15) in base 5?
143020
-211211101 (base 3) to base 7
-66343
1126 (base 7) to base 8
634
What is 420 (base 10) in base 6?
1540
316a (base 11) to base 14
1754
-111011001 (base 2) to base 13
-2a5
-1000110 (base 3) to base 2
-1011100101
What is -33321 (base 4) in base 15?
-47c
-2ac (base 13) to base 2
-111100000
What is 1544 (base 6) in base 4?
12220
What is 62 (base 12) in base 10?
74
What is -110200120 (base 3) in base 7?
-35652
2125 (base 7) to base 3
1000221
Convert -1001000001 (base 2) to base 14.
-2d3
Convert -3211131 (base 4) to base 11.
-10040
Convert -4771 (base 9) to base 8.
-6733
Convert 7386 (base 10) to base 14.
2998
What is 4a3 (base 14) in base 2?
1110011111
17663 (base 8) to base 3
102010120
What is -13232 (base 12) in base 7?
-136343
971 (base 11) to base 5
14132
-161 (base 11) to base 3
-20222
What is 63 (base 9) in base 16?
39
Convert b99 (base 16) to base 2.
101110011001
What is 120210221 (base 3) in base 9?
16727
What is 136462 (base 7) in base 10?
26308
Convert -101111100111010 (base 2) to base 7.
-131034
-2116 (base 15) to base 2
-1101101010100
What is 18351 (base 9) in base 15?
3b57
Convert 656 (base 16) to base 14.
83c
What is 2ab3 (base 12) in base 9?
6810
What is -300 (base 6) in base 4?
-1230
1100101011 (base 2) to base 13
4a5
What is -15235 (base 6) in base 14?
-c87
Convert 22103 (base 4) to base 3.
220102
553 (base 12) to base 16
30f
What is 2862 (base 10) in base 16?
b2e
What is -1112211 (base 3) in base 4?
-101221
Convert 18235 (base 15) to base 10.
78125
Convert -10100011111111000 (base 2) to base 16.
-147f8
What is -354 (base 14) in base 6?
-3022
What is 2420 (base 6) in base 12?
410
What is -8851 (base 9) in base 11?
-49a3
2072 (base 14) to base 16
15d4
What is -40053 (base 7) in base 2?
-10010110101010
Convert -124343 (base 5) to base 3.
-20211012
What is 1b90 (base 13) in base 14?
1741
Convert -1020 (base 5) to base 13.
-a5
What is 1bfb (base 16) in base 14?
2879
101001000110011 (base 2) to base 12
10217
What is -1b753 (base 12) in base 16?
-9f6f
What is 5663 (base 7) in base 5?
31204
1635 (base 8) to base 16
39d
Convert -179 (base 12) to base 6.
-1033
-7b8a (base 14) to base 13
-9a1a
-1220121022 (base 3) to base 8
-111363
Convert 1323 (base 15) to base 11.
3082
b0b0 (base 13) to base 2
101111011110110
-121 (base 9) to base 16
-64
100110100011010 (base 2) to base 8
46432
Convert 1521 (base 8) to base 3.
1011110
What is -256 (base 8) in base 11?
-149
Convert 142 (base 12) to base 15.
ce
Convert 5 (base 6) to base 13.
5
32 (base 6) to base 5
40
Convert 10568 (base 13) to base 11.
20181
-717 (base 9) to base 16
-247
-112122 (base 3) to base 8
-613
Convert -35033 (base 11) to base 8.
-142666
-30c (base 16) to base 12
-550
What is -12121022 (base 3) in base 13?
-1b23
Convert -5074 (base 8) to base 13.
-1267
-3222 (base 5) to base 15
-1e2
Convert 1333 (base 8) to base 14.
3a3
What is -2430 (base 5) in base 14?
-1c1
-220220 (base 3) to base 13
-3c9
Convert 33822 (base 9) to base 5.
1210123
What is 507 (base 11) in base 6?
2500
What is 6571 (base 10) in base 15?
1e31
What is -12210132 (base 4) in base 9?
-40820
-12433 (base 6) to base 3
-2121010
What is 1152010 (base 6) in base 11?
42103
-20951 (base 12) to base 10
-42829
What is 1200131 (base 4) in base 14?
236d
Convert 199 (base 12) to base 11.
218
-697 (base 16) to base 11
-12a4
What is -11aa (base 15) in base 14?
-1528
What is 1012 (base 6) in base 10?
224
Convert -13033 (base 4) to base 8.
-717
7120 (base 9) to base 10
5202
-2246 (base 7) to base 8
-1462
What is -14a4 (base 12) in base 9?
-3287
Convert 112010 (base 4) to base 10.
1412
What is 2551 (base 10) in 